+ -33. What is the units digit of (10/(-6)*-21)/l?
5
Let z(r) = r**3 + 21*r**2 - 12*r - 55. What is the units digit of z(-20)?
5
Let o(c) = 7*c + 2. Let q(g) = 6*g + 4 + 1 - 2 + 5*g. Let i(x) = 8*o(x) - 5*q(x). What is the units digit of i(6)?
7
Let r(b) = b**3 - 11*b**2 - b + 22. Let f be r(11). What is the hundreds digit of (-1)/((-5)/60)*f?
1
Let m(o) = -o**2 + 1. Let g(k) = -7*k**2 + 22*k - 6. Let y(t) = -g(t) + 2*m(t). What is the hundreds digit of y(9)?
2
Let f = 759 + -1303. Let u = 796 + f. Suppose 0 = -4*v + 3*l - 57 + u, 0 = 2*v + 4*l - 70. What is the tens digit of v?
4
Let w(q) = q**3 + 8. Let h be w(0). Suppose 5*v + 4 = 4*l, 0 = -l - v - 8 - 0. What is the units digit of (h/10)/(l/(-200))?
0
Let n be ((-30)/(-9) + -3)*-3. Let f be 0 + (1 - n)/1. Suppose 2*h - 4 = f. What is the units digit of h?
3
Let c(v) = v - 1. Let i(l) = 3*l - 67. Let u(m) = 2*c(m) - i(m). What is the tens digit of u(21)?
4
Let m be -2 + 0 + -2 - -1. What is the tens digit of 4 - (16 - 2)*m?
4
Suppose 3*n - f = 11, n = 7*f - 6*f + 7. What is the hundreds digit of n/(16/2) + (-34896)/(-192)?
1
Let b be (-1 + (-1 - 1))/((-1)/(-39)). Let w = b - -130. What is the tens digit of w?
1
Suppose 0 = -35*m + 30*m + 25. What is the units digit of m/5*(47 - 0)?
7
Suppose 0 = -403*z + 396*z + 364. What is the tens digit of z?
5
Let g(u) = 12*u + 6. Let w be g(-6). Let q = w + 92. Let y = q - -41. What is the units digit of y?
7
Suppose -c = -f - 3*c + 2449, 5*f - 3*c = 12258. What is the hundreds digit of f?
4
Suppose 3*u + 1170 = 3*q, -3*u + 117 = q - 261. What is the tens digit of q?
8
Let c = 20 - 18. Suppose -4*n = 8*n + 108. What is the units digit of c/n - 218/(-9)?
4
Let p = 4088 - 402. What is the units digit of p?
6
Suppose 113 = 2*w - 367. Suppose -w = -4*x + 2*x. What is the hundreds digit of x?
1
Suppose -9*x = 1419 - 5010. What is the units digit of x?
9
Suppose w - 2 = -3*c - 0*w, 7 = 3*c + 2*w. What is the tens digit of (c + (-4)/12)*-18?
2
Let i(q) = q**2 - 10*q + 3. Let g be i(10). Suppose -z = -g*z - 14. Let y = 18 - z. What is the tens digit of y?
2
Let t(u) = -26*u**2 - 2*u - 1. Let i be t(-1). Let k = -15 - i. Suppose 2*h - k = 34. What is the units digit of h?
2
Let k = -101 + 101. Suppose 3*r + 2*j = 342, k*r + 3*r - 345 = -3*j. What is the units digit of r?
2
Suppose -61*o + 5674 + 74602 = 0. What is the thousands digit of o?
1
Let o be 28/20 + (-6)/(-10). Suppose 5*r + 5*h + 10 = 0, 3*h + o = -5*r - 0. Suppose -r*n + 18 = -0. What is the units digit of n?
9
Let a(x) = -x**3 - 14*x**2 + 17*x - 27. What is the units digit of a(-16)?
3
Let r = -43 - -46. Suppose -5*f = -5*w + 1220, 5*w + r*f = 408 + 796. What is the tens digit of w?
4
Let a = 12 - 10. Suppose a*w - w = 56. Let y = 81 - w. What is the units digit of y?
5
Suppose 2*r - 14 = -10. Suppose r*m + 0*m = 356. What is the tens digit of m?
7
Suppose c + 4*j - 1170 = -4*c, -3*c + 3*j = -729. What is the hundreds digit of c?
2
Suppose -2*f + 3324 - 704 = 4*k, k = -6*f + 7827. What is the units digit of f?
4
Suppose 5*p - 3*x - 20 = 0, 2*x - 4 = -p - 2*x. Let b be ((-57)/(-12))/((-1)/p). What is the tens digit of 0 - b - (3 - 0)?
1
Suppose 0*n = -3*n + 936. What is the tens digit of n?
1
Suppose -3*a + 23 = -70. Let c = a - 28. Suppose -c*x - 3*x + 78 = 0. What is the tens digit of x?
1
What is the hundreds digit of 8/20 + 489738/155?
1
Let j be (-1)/2 + 330/44. Suppose -j*o + 11*o - 220 = 0. What is the units digit of o?
5
Let s(f) = f**3 + 27*f**2 - 21*f + 43. What is the hundreds digit of s(-26)?
2
Suppose -y + 1309 = -26*n + 23*n, -3*y - 3*n + 3927 = 0. What is the tens digit of y?
0
Let n = -7 + 71. Suppose 9*x - 6*x - 9 = 0. Suppose x*m = -m + n. What is the units digit of m?
6
Let z = 61 - -58. What is the tens digit of z?
1
Suppose 3*q - 10 = -2*z, q - 4 = -4*z + 6. Suppose -2*u + k = -q - 10, 12 = -3*k. Let i = u - 2. What is the units digit of i?
2
Let d(h) = -2*h**3 - 43*h**2 - 26*h - 12. What is the tens digit of d(-21)?
9
Suppose -28*i = -27*i - 551. What is the hundreds digit of i?
5
Let p = 6 - 4. Suppose -3*t - p*t = 5*q - 180, -4*t = -q + 41. What is the units digit of q?
7
Let q(z) = 4*z - 5. Let x be 7/35 + 32/(-10). Let k be q(x). Let m = k + 55. What is the units digit of m?
8
Let t = 209 - 177. What is the tens digit of t?
3
Suppose -80*t + 76*t = -1192. What is the hundreds digit of t?
2
Let y be 774/(-8) - 4/16. Let z = y + 165. What is the units digit of (z/8)/((-1)/(-2))?
7
Suppose c - 15 = 57. What is the units digit of c/(-10)*15/(-6)?
8
What is the units digit of -16 - (-17624)/6 - 14/6?
9
What is the tens digit of 283*(-2 - (-7 - -3))?
6
Let c(t) = -429*t + 331. What is the thousands digit of c(-6)?
2
Let s(k) = 0 + 0*k - 3 + k + 9. Let i be s(5). Suppose i = 5*f - 29. What is the units digit of f?
8
Suppose u = 49 - 47. What is the tens digit of 405/(-6)*u/(-1)?
3
Let a be (-531)/(-6)*7/(21/8). Let k = a - -4. What is the units digit of k?
0
Let u = -308 - -1344. What is the thousands digit of u?
1
Suppose 40 = 3*x + 1. Suppose -1 = 3*r - x. What is the units digit of r?
4
Let c(m) = 49*m**2 - 9*m - 2. What is the thousands digit of c(-9)?
4
Let x(t) be the third derivative of t**5/3 - t**4/24 - t**3/3 - 21*t**2. What is the units digit of x(-1)?
9
Let d = -14 + 20. Suppose -p + w + d = 0, 3*w - 4*w = 1. What is the units digit of p?
5
Let l(a) = 191*a**3 - a**2 - 26*a - 20. Let o(d) = 38*d**3 - 5*d - 4. Let f(b) = 2*l(b) - 11*o(b). What is the hundreds digit of f(-2)?
2
Let f(a) = 19*a - 300. What is the tens digit of f(17)?
2
Let x(t) = -t + 14. Let p be x(12). Suppose 0 = -l + p*l - 8. What is the units digit of l?
8
Let v = 494 + 987. What is the tens digit of v?
8
Let w = 9 - 14. Let k(l) = l**2 + 3*l - 13. Let n be k(w). What is the units digit of 32/(-24) + (-112)/n?
6
Suppose 5*j - 2*w - 1583 = 1427, 0 = 4*j + 4*w - 2436. What is the units digit of j?
4
Suppose -18344 = -58*p + 133384. What is the units digit of p?
6
Suppose 0 = -3*j + 4*c - 43, -3*c = -j + 4*j + 78. Let o = j - -35. What is the tens digit of o?
1
Suppose 8*x - 13311 - 11849 = 0. What is the units digit of x?
5
Suppose -26*d = 21178 - 117742. What is the thousands digit of d?
3
What is the hundreds digit of 1/(-2) - 1*(-23964)/24?
9
Suppose -l = 4*l + k - 53, -4*l - 4*k + 52 = 0. Suppose -26 = -11*w + l*w. What is the units digit of w?
6
Let y = 102 - 28. Suppose -5*l + y = 3*g - 93, 4*g = -l + 234. What is the units digit of g?
9
Suppose -7*h + 72 = -h. Let f = h + 32. What is the tens digit of f?
4
Let p = -2 - 13. What is the hundreds digit of (-3261)/(-15) - p/25?
2
Let q(k) = -k**2 + 3*k + 21. Let y be q(6). Suppose 0*v - 87 = -v + 2*b, -y*b = 4*v - 337. What is the units digit of v?
5
Let v(x) = -x**3 - 17*x**2 - 29*x. Let t be v(-15). Let b be 3*-5*(-4)/6. What is the units digit of (-3)/(-9) - b/t?
1
Let a = -20 - -28. Let n be a + -1*(-2 - -4). What is the units digit of (-3 + n)*(-7)/(-3)?
7
Suppose -8 = 4*v, v + 82 - 1 = -x. Let b = -66 - -12. Let u = b - x. What is the units digit of u?
5
Let j = 2720 - 1398. What is the tens digit of j?
2
Let f = -10 + 12. Suppose -f*c + 158 = -4*l, -3*l + 0*l = -15. Suppose 2*h + h - c = -4*w, 3*w = 5*h - 100. What is the units digit of h?
3
Let z(c) = -236*c**3 + c**2 + 54*c + 53. What is the units digit of z(-1)?
6
Let b be 18/(-3 + 5) - 4. Let v = -46 - b. What is the tens digit of (-3717)/v - (-4)/34?
7
Let h(l) = 73*l**2 + 19*l - 9. What is the hundreds digit of h(-4)?
0
Let q be (28*2/4)/(12/594). What is the units digit of 1/8 - q/(-88)?
8
Let j(b) = 2*b**2 + 11*b - 67. What is the hundreds digit of j(-17)?
3
Let j(x) = 8*x + 3. Suppose 0 = 3*b + 2*z - 19, b - 18 = -0*b - 3*z. Let m(d) = -4*d - 2. Let u(t) = b*j(t) + 5*m(t). What is the units digit of u(3)?
1
Let z(y) = 3*y**2 + 23*y + 64. What is the units digit of z(-16)?
4
Suppose y = -0*y - 10. Let v = -5 - y. Suppose m - 3*h + 14 = 0, -h + 11 - v = m. What is the units digit of m?
1
Suppose -5*r - 3*i + 5924 = 0, 2*i - i + 1180 = r. What is the hundreds digit of r?
1
Let f = 15322 - 9409. What is the thousands digit of f?
5
What is the tens digit of (-2)/(-4) + 375/10?
3
Let v(d) = -11*d**2 + 2. Let u be v(-3). Let t = u - -149. What is the tens digit of t?
5
Suppose x + 4*x -